at is the remainder when 67831 is divided by 1682?
551
Calculate the remainder when 3470786 is divided by 14.
4
What is the remainder when 12441960 is divided by 94257?
36
Calculate the remainder when 383955 is divided by 1949.
2
What is the remainder when 157972534 is divided by 228?
226
Calculate the remainder when 35058029 is divided by 869.
831
Calculate the remainder when 2414852 is divided by 15675.
902
What is the remainder when 1687759 is divided by 641?
6
What is the remainder when 48300 is divided by 1280?
940
Calculate the remainder when 1926285 is divided by 120386.
109
Calculate the remainder when 4989861 is divided by 103955.
21
Calculate the remainder when 98800812 is divided by 197.
190
What is the remainder when 1063253 is divided by 23620?
353
Calculate the remainder when 279685 is divided by 25423.
32
What is the remainder when 7074412 is divided by 3393?
7
What is the remainder when 24782 is divided by 6922?
4016
What is the remainder when 211560 is divided by 15039?
1014
Calculate the remainder when 5749006 is divided by 369.
355
Calculate the remainder when 30481 is divided by 2451.
1069
Calculate the remainder when 28262806 is divided by 9420929.
19
Calculate the remainder when 4193852 is divided by 2069.
2058
What is the remainder when 3622678 is divided by 80502?
88
Calculate the remainder when 172513548 is divided by 57504511.
15
Calculate the remainder when 52691119 is divided by 40.
39
What is the remainder when 627548 is divided by 1557?
77
What is the remainder when 5150489 is divided by 4201?
63
Calculate the remainder when 55217 is divided by 3650.
467
What is the remainder when 3822299 is divided by 75?
74
Calculate the remainder when 12814866 is divided by 8343.
18
Calculate the remainder when 96352 is divided by 46617.
3118
Calculate the remainder when 2879419 is divided by 511.
445
Calculate the remainder when 319704 is divided by 63936.
24
Calculate the remainder when 8376 is divided by 7864.
512
What is the remainder when 6450474 is divided by 73300?
74
What is the remainder when 1522253 is divided by 108707?
355
What is the remainder when 719246 is divided by 239744?
14
What is the remainder when 1427006 is divided by 67951?
35
Calculate the remainder when 1249231 is divided by 899.
520
What is the remainder when 34714 is divided by 3548?
2782
Calculate the remainder when 62068 is divided by 757.
751
Calculate the remainder when 5759504 is divided by 85.
74
Calculate the remainder when 58520 is divided by 4158.
308
Calculate the remainder when 15021 is divided by 3998.
3027
What is the remainder when 1341416 is divided by 61?
26
Calculate the remainder when 68469 is divided by 1450.
319
What is the remainder when 2948246 is divided by 331?
29
Calculate the remainder when 4478282 is divided by 91.
81
Calculate the remainder when 3210900 is divided by 5316.
36
What is the remainder when 513472 is divided by 513465?
7
Calculate the remainder when 130514 is divided by 25.
14
Calculate the remainder when 126309 is divided by 776.
597
What is the remainder when 85785 is divided by 28515?
240
What is the remainder when 307610 is divided by 173?
16
What is the remainder when 13420 is divided by 2246?
2190
What is the remainder when 640509 is divided by 106?
57
What is the remainder when 10665225 is divided by 874?
677
Calculate the remainder when 12016100 is divided by 4005364.
8
What is the remainder when 513636134 is divided by 29?
24
What is the remainder when 36445623 is divided by 14?
11
What is the remainder when 11897707 is divided by 3241?
3237
Calculate the remainder when 145596 is divided by 3931.
149
What is the remainder when 20507 is divided by 566?
131
Calculate the remainder when 8715740 is divided by 2905239.
23
Calculate the remainder when 71955 is divided by 5373.
2106
What is the remainder when 34276 is divided by 1551?
154
Calculate the remainder when 30426365 is divided by 201.
191
What is the remainder when 549330224 is divided by 25?
24
Calculate the remainder when 41764 is divided by 41724.
40
What is the remainder when 79059 is divided by 2464?
211
Calculate the remainder when 125962401 is divided by 834188.
13
What is the remainder when 556542 is divided by 9523?
4208
What is the remainder when 17245518 is divided by 20?
18
What is the remainder when 36654 is divided by 18058?
538
What is the remainder when 4865516 is divided by 4?
0
Calculate the remainder when 514920 is divided by 1740.
1620
Calculate the remainder when 95530 is divided by 2441.
331
What is the remainder when 2515358 is divided by 37542?
44
What is the remainder when 41760442 is divided by 5965762?
108
What is the remainder when 8251395 is divided by 3141?
3129
Calculate the remainder when 76559 is divided by 15259.
264
What is the remainder when 8368300 is divided by 83?
74
What is the remainder when 1552675 is divided by 461?
27
Calculate the remainder when 6794 is divided by 547.
230
What is the remainder when 4985628 is divided by 15580?
28
Calculate the remainder when 5016527 is divided by 252.
215
Calculate the remainder when 211033 is divided by 4058.
17
Calculate the remainder when 7720658 is divided by 112.
50
What is the remainder when 86908 is divided by 7806?
1042
What is the remainder when 119609878 is divided by 26?
24
What is the remainder when 163644 is divided by 27189?
510
What is the remainder when 88485 is divided by 5202?
51
Calculate the remainder when 26212148 is divided by 6553017.
80
Calculate the remainder when 4003011 is divided by 2235.
126
Calculate the remainder when 132061438 is divided by 768.
766
What is the remainder when 1427391 is divided by 659?
656
What is the remainder when 951738 is divided by 317108?
414
Calculate the remainder when 186392 is divided by 65.
37
What is the remainder when 529172 is divided by 1646?
806
What is the remainder when 36675 is divided by 4405?
1435
Calculate the remainder when 31289 is divided by 984.
785
What is the remainder when 73168328 is divided by 1149?
8
Calculate the remainder when 15169002 is divided by 5056331.
9
What is the remainder when 269949 is divided by 631?
512
What is the remainder when 2439794 is divided by 12841?
4
What is the remainder when 89051 is divided by 643?
317
What is the remainder when 974693 is divided by 3249?
3242
What is the remainder when 25553 is divided by 2239?
924
What is the remainder when 229281 is divided by 16345?
451
What is the remainder when 41855042 is divided by 77?
75
What is the remainder when 4421945 is divided by 1799?
3
Calculate the remainder when 971181 is divided by 139.
127
What is the remainder when 2815448 is divided by 129?
23
Calculate the remainder when 2809582 is divided by 3692.
3662
Calculate the remainder when 7070068 is divided by 2356682.
22
Calculate the remainder when 213871149 is divided by 213871137.
12
Calculate the remainder when 544356 is divided by 802.
600
Calculate the remainder when 17229694 is divided by 923.
53
What is the remainder when 413498 is divided by 407?
393
Calculate the remainder when 376960 is divided by 1346.
80
Calculate the remainder when 180446 is divided by 149.
7
Calculate the remainder when 1980699 is divided by 396138.
9
What is the remainder when 300018 is divided by 2829?
144
What is the remainder when 123475 is divided by 3520?
275
What is the remainder when 1285043 is divided by 98836?
175
Calculate the remainder when 341145122 is divided by 34114512.
2
Calculate the remainder when 507821 is divided by 10802.
127
Calculate the remainder when 3794 is divided by 1117.
443
Calculate the remainder when 453259 is divided by 151085.
4
What is the remainder when 174427560 is divided by 214?
12
What is the remainder when 92192 is divided by 4331?
1241
What is the remainder when 25822957 is divided by 1173770?
17
What is the remainder when 499857 is divided by 317?
265
Calculate the remainder when 566837 is divided by 219.
65
What is the remainder when 553638 is divided by 470?
448
Calculate the remainder when 772984 is divided by 77293.
54
Calculate the remainder when 12833455 is divided by 1267.
12
Calculate the remainder when 602957351 is divided by 12.
11
What is the remainder when 50298 is divided by 1274?
612
What is the remainder when 226558 is